{"id":204,"date":"2025-04-29T12:36:31","date_gmt":"2025-04-29T12:36:31","guid":{"rendered":"https:\/\/sharetheocean.earth\/?page_id=204"},"modified":"2025-06-06T13:47:28","modified_gmt":"2025-06-06T13:47:28","slug":"mission","status":"publish","type":"page","link":"https:\/\/sharetheocean.earth\/index.php\/mission\/","title":{"rendered":"LA MISSION"},"content":{"rendered":"<p>[et_pb_section fb_built=\u00a0\u00bb1&Prime; _builder_version=\u00a0\u00bb4.23.4&Prime; _module_preset=\u00a0\u00bbdefault\u00a0\u00bb background_color=\u00a0\u00bb#FFFFFF\u00a0\u00bb background_image=\u00a0\u00bbhttps:\/\/sharetheocean.earth\/wp-content\/uploads\/2025\/05\/Ocean-scaled.jpg\u00a0\u00bb background_enable_image=\u00a0\u00bbon\u00a0\u00bb custom_padding=\u00a0\u00bb||0px|||\u00a0\u00bb global_colors_info=\u00a0\u00bb{}\u00a0\u00bb][et_pb_row _builder_version=\u00a0\u00bb4.23.4&Prime; _module_preset=\u00a0\u00bbdefault\u00a0\u00bb custom_margin=\u00a0\u00bb-61px|auto|-13px|auto||\u00a0\u00bb global_colors_info=\u00a0\u00bb{}\u00a0\u00bb][et_pb_column type=\u00a0\u00bb4_4&Prime; _builder_version=\u00a0\u00bb4.23.4&Prime; _module_preset=\u00a0\u00bbdefault\u00a0\u00bb global_colors_info=\u00a0\u00bb{}\u00a0\u00bb][et_pb_text _builder_version=\u00a0\u00bb4.23.4&Prime; _module_preset=\u00a0\u00bbdefault\u00a0\u00bb min_height=\u00a0\u00bb48px\u00a0\u00bb custom_margin=\u00a0\u00bb||-16px|||\u00a0\u00bb custom_padding=\u00a0\u00bb||13px|||\u00a0\u00bb text_text_shadow_style=\u00a0\u00bbpreset1&Prime; global_colors_info=\u00a0\u00bb{}\u00a0\u00bb]<\/p>\n<h1 style=\"text-align: center;\"><span style=\"color: #ffffff;\">Notre mission<\/span><\/h1>\n<p>[\/et_pb_text][\/et_pb_column][\/et_pb_row][\/et_pb_section][et_pb_section fb_built=\u00a0\u00bb1&Prime; _builder_version=\u00a0\u00bb4.23.4&Prime; _module_preset=\u00a0\u00bbdefault\u00a0\u00bb min_height=\u00a0\u00bb930.9px\u00a0\u00bb custom_margin=\u00a0\u00bb||489px|||\u00a0\u00bb custom_padding=\u00a0\u00bb||17px|||\u00a0\u00bb global_colors_info=\u00a0\u00bb{}\u00a0\u00bb][et_pb_row _builder_version=\u00a0\u00bb4.23.4&Prime; _module_preset=\u00a0\u00bbdefault\u00a0\u00bb custom_padding=\u00a0\u00bb127px|||||\u00a0\u00bb global_colors_info=\u00a0\u00bb{}\u00a0\u00bb][et_pb_column type=\u00a0\u00bb4_4&Prime; _builder_version=\u00a0\u00bb4.23.4&Prime; _module_preset=\u00a0\u00bbdefault\u00a0\u00bb global_colors_info=\u00a0\u00bb{}\u00a0\u00bb][et_pb_text _builder_version=\u00a0\u00bb4.23.4&Prime; _module_preset=\u00a0\u00bbdefault\u00a0\u00bb min_height=\u00a0\u00bb84.2px\u00a0\u00bb custom_margin=\u00a0\u00bb-54px|||||\u00a0\u00bb custom_padding=\u00a0\u00bb12px||0px|||\u00a0\u00bb global_colors_info=\u00a0\u00bb{}\u00a0\u00bb]<\/p>\n<p style=\"text-align: justify;\">Share the Ocean est un programme de recherche interdisciplinaire aux multiples ambitions, <strong>prot\u00e9ger la biodiversit\u00e9 marine<\/strong>, <strong>p\u00e9renniser et d\u00e9velopper l\u2019\u00e9conomie maritime<\/strong>, <strong>accroitre la connaissance des oc\u00e9ans<\/strong> et <strong>sensibiliser le public aux grands enjeux maritimes<\/strong>, en utilisant la course au large comme d\u00e9monstrateur. Notre objectif est de <strong>r\u00e9duire le nombre de collisions entre la m\u00e9gafaune marine et les navires<\/strong> par la mod\u00e9lisation statistique en croisant les donn\u00e9es de distribution des esp\u00e8ces et les routes des navires. Nous prenons en compte les caract\u00e9ristiques des esp\u00e8ces (tailles, vitesse de nage, temps d\u2019immersion) et des navires (polaires de vitesse, tailles) et r\u00e9alisons des routages m\u00e9t\u00e9orologiques sur lesquels nous estimons des probabilit\u00e9s de rencontrer des animaux. Dans les zones de haute-fid\u00e9lit\u00e9 (zones dans lesquelles sont inform\u00e9es les donn\u00e9es d\u2019animaux) nous sommes en mesure de <strong>proposer des zones d\u2019exclusion<\/strong> visant \u00e0 \u00e9viter les zones de concentration et d\u2019\u00e9valuer leur pertinence. Nous collaborons avec des universit\u00e9s \u00e0 l\u2019international pour affiner les zones d\u2019exclusion en fonction de la temporalit\u00e9 des \u00e9v\u00e8nements. La finalit\u00e9 de Share the Ocean est d\u2019\u00e9tendre son expertise au transport maritime dans son ensemble pour r\u00e9duire de mani\u00e8re globale les collisions avec la m\u00e9gafaune marine.<\/p>\n<p style=\"text-align: justify;\">Ce programme s\u2019adresse \u00e0 <strong>tous les acteurs de la mer<\/strong>, il nous faut <strong>repenser nos pratiques maritimes<\/strong> en routant les navires de mani\u00e8re <strong>plus responsable et \u00e9cologique<\/strong> afin de pr\u00e9server la biodiversit\u00e9 marine tout en assurant la <strong>s\u00e9curit\u00e9<\/strong> des navires et des passagers afin de <strong>p\u00e9renniser<\/strong> nos activit\u00e9s maritimes.<\/p>\n<p>[\/et_pb_text][\/et_pb_column][\/et_pb_row][et_pb_row column_structure=\u00a0\u00bb1_2,1_2&Prime; _builder_version=\u00a0\u00bb4.23.4&Prime; _module_preset=\u00a0\u00bbdefault\u00a0\u00bb custom_margin=\u00a0\u00bb-14px|auto|-14px|auto||\u00a0\u00bb custom_padding=\u00a0\u00bb13px||11px|||\u00a0\u00bb global_colors_info=\u00a0\u00bb{}\u00a0\u00bb][et_pb_column type=\u00a0\u00bb1_2&Prime; _builder_version=\u00a0\u00bb4.23.4&Prime; _module_preset=\u00a0\u00bbdefault\u00a0\u00bb global_colors_info=\u00a0\u00bb{}\u00a0\u00bb][et_pb_image src=\u00a0\u00bbhttps:\/\/sharetheocean.earth\/wp-content\/uploads\/2025\/04\/AUCB_Seb-scaled.jpg\u00a0\u00bb title_text=\u00a0\u00bbAUCB_Seb\u00a0\u00bb align=\u00a0\u00bbcenter\u00a0\u00bb _builder_version=\u00a0\u00bb4.23.4&Prime; _module_preset=\u00a0\u00bbdefault\u00a0\u00bb height=\u00a0\u00bb339px\u00a0\u00bb custom_padding=\u00a0\u00bb||2px|||\u00a0\u00bb global_colors_info=\u00a0\u00bb{}\u00a0\u00bb][\/et_pb_image][et_pb_text _builder_version=\u00a0\u00bb4.23.4&Prime; _module_preset=\u00a0\u00bbdefault\u00a0\u00bb min_height=\u00a0\u00bb25.8px\u00a0\u00bb custom_margin=\u00a0\u00bb-32px|2px|-1px|||\u00a0\u00bb custom_padding=\u00a0\u00bb0px|0px||0px||\u00a0\u00bb global_colors_info=\u00a0\u00bb{}\u00a0\u00bb]<\/p>\n<p style=\"text-align: right;\">Cr\u00e9dit photo : S. Fournier<\/p>\n<p>[\/et_pb_text][\/et_pb_column][et_pb_column type=\u00a0\u00bb1_2&Prime; _builder_version=\u00a0\u00bb4.23.4&Prime; _module_preset=\u00a0\u00bbdefault\u00a0\u00bb global_colors_info=\u00a0\u00bb{}\u00a0\u00bb][et_pb_image src=\u00a0\u00bbhttps:\/\/sharetheocean.earth\/wp-content\/uploads\/2025\/04\/Cachalot2_H_Peltier.jpg\u00a0\u00bb title_text=\u00a0\u00bbCachalot2_H_Peltier\u00a0\u00bb _builder_version=\u00a0\u00bb4.23.4&Prime; _module_preset=\u00a0\u00bbdefault\u00a0\u00bb custom_margin=\u00a0\u00bb||0px|||\u00a0\u00bb global_colors_info=\u00a0\u00bb{}\u00a0\u00bb][\/et_pb_image][et_pb_text _builder_version=\u00a0\u00bb4.23.4&Prime; _module_preset=\u00a0\u00bbdefault\u00a0\u00bb custom_padding=\u00a0\u00bb0px|||||\u00a0\u00bb global_colors_info=\u00a0\u00bb{}\u00a0\u00bb]<\/p>\n<p style=\"text-align: right;\">Cr\u00e9dit photo : H. Peltier<\/p>\n<p>[\/et_pb_text][\/et_pb_column][\/et_pb_row][\/et_pb_section]<\/p>\n","protected":false},"excerpt":{"rendered":"<p>Notre missionShare the Ocean est un programme de recherche interdisciplinaire aux multiples ambitions, prot\u00e9ger la biodiversit\u00e9 marine, p\u00e9renniser et d\u00e9velopper l\u2019\u00e9conomie maritime, accroitre la connaissance des oc\u00e9ans et sensibiliser le public aux grands enjeux maritimes, en utilisant la course au large comme d\u00e9monstrateur. Notre objectif est de r\u00e9duire le nombre de collisions entre la m\u00e9gafaune [&hellip;]<\/p>\n","protected":false},"author":1,"featured_media":0,"parent":0,"menu_order":0,"comment_status":"closed","ping_status":"closed","template":"","meta":{"_et_pb_use_builder":"on","_et_pb_old_content":"","_et_gb_content_width":"","footnotes":""},"class_list":["post-204","page","type-page","status-publish","hentry"],"_links":{"self":[{"href":"https:\/\/sharetheocean.earth\/index.php\/wp-json\/wp\/v2\/pages\/204","targetHints":{"allow":["GET"]}}],"collection":[{"href":"https:\/\/sharetheocean.earth\/index.php\/wp-json\/wp\/v2\/pages"}],"about":[{"href":"https:\/\/sharetheocean.earth\/index.php\/wp-json\/wp\/v2\/types\/page"}],"author":[{"embeddable":true,"href":"https:\/\/sharetheocean.earth\/index.php\/wp-json\/wp\/v2\/users\/1"}],"replies":[{"embeddable":true,"href":"https:\/\/sharetheocean.earth\/index.php\/wp-json\/wp\/v2\/comments?post=204"}],"version-history":[{"count":15,"href":"https:\/\/sharetheocean.earth\/index.php\/wp-json\/wp\/v2\/pages\/204\/revisions"}],"predecessor-version":[{"id":617,"href":"https:\/\/sharetheocean.earth\/index.php\/wp-json\/wp\/v2\/pages\/204\/revisions\/617"}],"wp:attachment":[{"href":"https:\/\/sharetheocean.earth\/index.php\/wp-json\/wp\/v2\/media?parent=204"}],"curies":[{"name":"wp","href":"https:\/\/api.w.org\/{rel}","templated":true}]}}

<p>[et_pb_section fb_built= »1&Prime; _builder_version= »4.23.4&Prime; _module_preset= »default » background_color= »#FFFFFF » background_image= »https://sharetheocean.earth/wp-content/uploads/2025/05/Ocean-scaled.jpg » background_enable_image= »on » custom_padding= »||0px||| » global_colors_info= »{} »][et_pb_row _builder_version= »4.23.4&Prime; _module_preset= »default » custom_margin= »-61px|auto|-13px|auto|| » global_colors_info= »{} »][et_pb_column type= »4_4&Prime; _builder_version= »4.23.4&Prime; _module_preset= »default » global_colors_info= »{} »][et_pb_text _builder_version= »4.23.4&Prime; _module_preset= »default » min_height= »48px » custom_margin= »||-16px||| » custom_padding= »||13px||| » text_text_shadow_style= »preset1&Prime; global_colors_info= »{} »]</p>
<h1 style="text-align: center;"><span style="color: #ffffff;">Notre mission</span></h1>
<p>[/et_pb_text][/et_pb_column][/et_pb_row][/et_pb_section][et_pb_section fb_built= »1&Prime; _builder_version= »4.23.4&Prime; _module_preset= »default » min_height= »930.9px » custom_margin= »||489px||| » custom_padding= »||17px||| » global_colors_info= »{} »][et_pb_row _builder_version= »4.23.4&Prime; _module_preset= »default » custom_padding= »127px||||| » global_colors_info= »{} »][et_pb_column type= »4_4&Prime; _builder_version= »4.23.4&Prime; _module_preset= »default » global_colors_info= »{} »][et_pb_text _builder_version= »4.23.4&Prime; _module_preset= »default » min_height= »84.2px » custom_margin= »-54px||||| » custom_padding= »12px||0px||| » global_colors_info= »{} »]</p>
<p style="text-align: justify;">Share the Ocean est un programme de recherche interdisciplinaire aux multiples ambitions, <strong>protéger la biodiversité marine</strong>, <strong>pérenniser et développer l’économie maritime</strong>, <strong>accroitre la connaissance des océans</strong> et <strong>sensibiliser le public aux grands enjeux maritimes</strong>, en utilisant la course au large comme démonstrateur. Notre objectif est de <strong>réduire le nombre de collisions entre la mégafaune marine et les navires</strong> par la modélisation statistique en croisant les données de distribution des espèces et les routes des navires. Nous prenons en compte les caractéristiques des espèces (tailles, vitesse de nage, temps d’immersion) et des navires (polaires de vitesse, tailles) et réalisons des routages météorologiques sur lesquels nous estimons des probabilités de rencontrer des animaux. Dans les zones de haute-fidélité (zones dans lesquelles sont informées les données d’animaux) nous sommes en mesure de <strong>proposer des zones d’exclusion</strong> visant à éviter les zones de concentration et d’évaluer leur pertinence. Nous collaborons avec des universités à l’international pour affiner les zones d’exclusion en fonction de la temporalité des évènements. La finalité de Share the Ocean est d’étendre son expertise au transport maritime dans son ensemble pour réduire de manière globale les collisions avec la mégafaune marine.</p>
<p style="text-align: justify;">Ce programme s’adresse à <strong>tous les acteurs de la mer</strong>, il nous faut <strong>repenser nos pratiques maritimes</strong> en routant les navires de manière <strong>plus responsable et écologique</strong> afin de préserver la biodiversité marine tout en assurant la <strong>sécurité</strong> des navires et des passagers afin de <strong>pérenniser</strong> nos activités maritimes.</p>
<p>[/et_pb_text][/et_pb_column][/et_pb_row][et_pb_row column_structure= »1_2,1_2&Prime; _builder_version= »4.23.4&Prime; _module_preset= »default » custom_margin= »-14px|auto|-14px|auto|| » custom_padding= »13px||11px||| » global_colors_info= »{} »][et_pb_column type= »1_2&Prime; _builder_version= »4.23.4&Prime; _module_preset= »default » global_colors_info= »{} »][et_pb_image src= »https://sharetheocean.earth/wp-content/uploads/2025/04/AUCB_Seb-scaled.jpg » title_text= »AUCB_Seb » align= »center » _builder_version= »4.23.4&Prime; _module_preset= »default » height= »339px » custom_padding= »||2px||| » global_colors_info= »{} »][/et_pb_image][et_pb_text _builder_version= »4.23.4&Prime; _module_preset= »default » min_height= »25.8px » custom_margin= »-32px|2px|-1px||| » custom_padding= »0px|0px||0px|| » global_colors_info= »{} »]</p>
<p style="text-align: right;">Crédit photo : S. Fournier</p>
<p>[/et_pb_text][/et_pb_column][et_pb_column type= »1_2&Prime; _builder_version= »4.23.4&Prime; _module_preset= »default » global_colors_info= »{} »][et_pb_image src= »https://sharetheocean.earth/wp-content/uploads/2025/04/Cachalot2_H_Peltier.jpg » title_text= »Cachalot2_H_Peltier » _builder_version= »4.23.4&Prime; _module_preset= »default » custom_margin= »||0px||| » global_colors_info= »{} »][/et_pb_image][et_pb_text _builder_version= »4.23.4&Prime; _module_preset= »default » custom_padding= »0px||||| » global_colors_info= »{} »]</p>
<p style="text-align: right;">Crédit photo : H. Peltier</p>
<p>[/et_pb_text][/et_pb_column][/et_pb_row][/et_pb_section]</p>

<p>Notre missionShare the Ocean est un programme de recherche interdisciplinaire aux multiples ambitions, protéger la biodiversité marine, pérenniser et développer l’économie maritime, accroitre la connaissance des océans et sensibiliser le public aux grands enjeux maritimes, en utilisant la course au large comme démonstrateur. Notre objectif est de réduire le nombre de collisions entre la mégafaune [&hellip;]</p>
